on factor of 10988 and 3526.
82
What is the greatest common divisor of 430209 and 117?
117
What is the highest common factor of 187 and 8503?
11
Calculate the highest common divisor of 70172 and 1060.
212
What is the greatest common divisor of 270 and 186510?
30
Calculate the highest common divisor of 298996 and 68.
68
What is the highest common divisor of 83164 and 68?
68
Calculate the greatest common divisor of 1020 and 741.
3
Calculate the greatest common factor of 227378 and 46.
46
What is the greatest common divisor of 308 and 6644?
44
What is the highest common factor of 837402 and 9786?
1398
What is the greatest common factor of 169923 and 5850?
39
What is the greatest common divisor of 2343 and 5379?
33
What is the highest common factor of 3952 and 1445938?
494
Calculate the greatest common factor of 3502 and 8382037.
1751
What is the greatest common factor of 12 and 770604?
12
What is the highest common divisor of 14497 and 798?
133
Calculate the greatest common divisor of 1350 and 21595.
5
What is the highest common factor of 8126 and 34?
34
Calculate the highest common factor of 344 and 11223.
43
Calculate the highest common factor of 14071 and 16.
1
Calculate the highest common factor of 2475 and 729.
9
What is the highest common divisor of 6610 and 860?
10
Calculate the greatest common factor of 113985 and 11645.
85
What is the greatest common factor of 18746 and 2987?
103
What is the greatest common factor of 3674 and 23714?
334
Calculate the highest common factor of 4 and 4115.
1
Calculate the greatest common factor of 16155 and 10052.
359
Calculate the greatest common factor of 4 and 74521.
1
Calculate the greatest common divisor of 4008 and 21264.
24
What is the highest common factor of 1150 and 1426?
46
Calculate the greatest common factor of 3430 and 12250.
490
Calculate the highest common factor of 294 and 35966.
98
Calculate the greatest common divisor of 229744 and 1992.
664
What is the greatest common divisor of 25 and 6271?
1
Calculate the greatest common factor of 1620 and 66015.
405
What is the greatest common factor of 184 and 124936?
184
Calculate the highest common divisor of 3874 and 3159.
13
Calculate the greatest common divisor of 205 and 59245.
205
What is the highest common factor of 385 and 11627?
77
What is the highest common factor of 22802510 and 1510?
1510
What is the highest common factor of 73047 and 52?
13
Calculate the highest common divisor of 710 and 10721.
71
What is the highest common factor of 182890 and 20?
10
Calculate the highest common factor of 147 and 144144.
21
What is the highest common divisor of 1175 and 33840?
235
What is the greatest common divisor of 2590280 and 700?
140
What is the greatest common divisor of 1411 and 25177?
17
What is the greatest common factor of 8154 and 1998?
54
What is the greatest common divisor of 36396 and 7452?
108
Calculate the highest common divisor of 2579932 and 8.
4
Calculate the highest common factor of 438 and 7.
1
What is the greatest common factor of 162220 and 1340?
20
Calculate the greatest common factor of 35 and 91735.
35
What is the highest common divisor of 120 and 470360?
40
What is the greatest common divisor of 2580 and 6300?
60
Calculate the highest common factor of 4685 and 45.
5
Calculate the greatest common factor of 61285 and 6489.
721
What is the greatest common factor of 16 and 1841264?
16
What is the highest common factor of 12 and 142923?
3
What is the greatest common divisor of 406 and 98426?
58
What is the highest common divisor of 5243 and 432173?
749
What is the highest common divisor of 14801 and 2888?
361
Calculate the highest common factor of 31242 and 2.
2
Calculate the highest common divisor of 1469941 and 11.
11
What is the highest common factor of 627 and 28272?
57
Calculate the greatest common factor of 952 and 1142876.
476
What is the highest common factor of 819 and 369?
9
What is the greatest common factor of 190 and 2070?
10
What is the greatest common divisor of 1655521 and 14?
7
What is the greatest common divisor of 1 and 4188?
1
What is the highest common factor of 3629 and 238559?
191
What is the highest common divisor of 823086 and 264?
66
What is the highest common divisor of 177737 and 21?
7
What is the greatest common divisor of 114062 and 52?
26
Calculate the highest common divisor of 14756 and 4760.
476
What is the greatest common divisor of 2046360 and 30?
30
What is the greatest common divisor of 25578 and 2358?
18
Calculate the highest common factor of 11 and 367367.
11
Calculate the highest common divisor of 21497 and 58793.
259
Calculate the highest common factor of 54 and 132588.
18
Calculate the highest common factor of 95799 and 66.
33
Calculate the greatest common divisor of 15534 and 108.
18
What is the greatest common divisor of 950 and 64400?
50
What is the greatest common factor of 1191 and 1811114?
397
What is the highest common factor of 832328 and 8684?
668
Calculate the highest common factor of 14276 and 6364.
172
What is the greatest common divisor of 15 and 161465?
5
What is the highest common divisor of 8773 and 34379?
31
What is the greatest common divisor of 1680 and 42240?
240
What is the greatest common factor of 19716 and 10812?
636
What is the highest common factor of 312 and 304464?
24
Calculate the greatest common factor of 1023464 and 104.
104
Calculate the highest common factor of 2765 and 23305.
395
Calculate the greatest common divisor of 403 and 1781.
13
Calculate the highest common factor of 47535 and 4305.
15
What is the greatest common factor of 600 and 2112?
24
What is the highest common divisor of 68920 and 760?
40
Calculate the greatest common factor of 34545 and 67680.
705
What is the greatest common factor of 7728 and 1764?
84
What is the greatest common factor of 216 and 1488?
24
Calculate the highest common factor of 3984 and 1974.
6
What is the highest common divisor of 75927 and 3?
3
What is the highest common divisor of 15 and 140601?
3
What is the highest common divisor of 423055 and 1688?
211
Calculate the greatest common divisor of 828 and 174294.
414
Calculate the highest common divisor of 2679 and 107.
1
What is the greatest common factor of 1937 and 16688?
149
What is the highest common factor of 3072 and 640?
128
Calculate the highest common divisor of 19240 and 6680.
40
Calculate the highest common divisor of 194650 and 4250.
850
What is the greatest common factor of 1643 and 130541?
31
Calculate the highest common divisor of 1479569 and 229.
229
What is the highest common factor of 9488 and 487446?
1186
Calculate the greatest common factor of 1001 and 125034.
91
What is the greatest common factor of 3048 and 244602?
762
What is the highest common factor of 614 and 5508194?
614
What is the greatest common divisor of 7281 and 3465?
9
Calculate the greatest common divisor of 364 and 12636.
52
What is the greatest common factor of 61145 and 70?
35
Calculate the highest common divisor of 17501 and 20812.
473
Calculate the greatest common divisor of 3340 and 820.
20
Calculate the greatest common divisor of 810 and 8865.
45
Calculate the greatest common factor of 148 and 161209.
37
Calculate the highest common divisor of 16 and 1576.
8
Calculate the greatest common divisor of 63 and 649719.
63
What is the greatest common divisor of 144417 and 23?
23
What is the greatest common factor of 4459 and 87451?
91
What is the greatest common factor of 165 and 1455?
15
Calculate the highest common factor of 2771 and 11033.
17
What is the greatest common divisor of 81 and 11178?
81
What is the greatest common factor of 2846 and 26?
2
Calculate the greatest common factor of 88 and 2405876.
44
Calculate the highest common factor of 4424 and 175.
7
What is the greatest common factor of 3 and 23841?
3
What is the greatest common factor of 26292 and 1932?
84
Calculate the greatest common divisor of 13843 and 872.
109
What is the greatest common factor of 15356 and 352?
44
What is the highest common factor of 8799 and 2095?
419
Calculate the greatest common divisor of 760 and 14780.
20
Calculate the highest common divisor of 6125 and 2800.
175
Calculate the highest common divisor of 67620 and 45.
15
Calculate the greatest common divisor of 2312 and 272.
136
What is the 